{"id":2563,"date":"2025-12-14T18:14:46","date_gmt":"2025-12-14T17:14:46","guid":{"rendered":"https:\/\/fetean.org\/agenda\/una-linea-azul-plateada-en-el-rio-zerokotan-28n\/"},"modified":"2025-12-14T18:14:46","modified_gmt":"2025-12-14T17:14:46","slug":"una-linea-azul-plateada-en-el-rio-zerokotan-28n","status":"publish","type":"agenda","link":"https:\/\/fetean.org\/eu\/agenda\/una-linea-azul-plateada-en-el-rio-zerokotan-28n\/","title":{"rendered":"Una l\u00ednea azul plateada en el r\u00edo \u2013 Zerokotan"},"excerpt":{"rendered":"<p>Hay lugares en el mundo sumidos en la pobreza, donde vivir se convierte en sobrevivir en las peores condiciones. Lagarta es una mujer enferma que malvive sin apenas recursos y que ha vendido demasiado para intentar mantenerse a flote. Todo es susceptible de ser vendido, incluso la vida. Lapin, una joven ilusa e inocente, ha ca\u00eddo en sus redes y ver\u00e1 c\u00f3mo Lagarta acaba arrebat\u00e1ndole lo m\u00e1s preciado que ten\u00eda: la ilusi\u00f3n.<\/p>","protected":false},"featured_media":1972,"template":"","entidad":[],"lugar":[86],"programa":[44],"class_list":["post-2563","agenda","type-agenda","status-publish","has-post-thumbnail","hentry","lugar-casa-de-cultura-de-villava","programa-propias-grupo"],"acf":[],"jetpack_sharing_enabled":true,"_links":{"self":[{"href":"https:\/\/fetean.org\/eu\/wp-json\/wp\/v2\/agenda\/2563","targetHints":{"allow":["GET"]}}],"collection":[{"href":"https:\/\/fetean.org\/eu\/wp-json\/wp\/v2\/agenda"}],"about":[{"href":"https:\/\/fetean.org\/eu\/wp-json\/wp\/v2\/types\/agenda"}],"wp:featuredmedia":[{"embeddable":true,"href":"https:\/\/fetean.org\/eu\/wp-json\/wp\/v2\/media\/1972"}],"wp:attachment":[{"href":"https:\/\/fetean.org\/eu\/wp-json\/wp\/v2\/media?parent=2563"}],"wp:term":[{"taxonomy":"entidad","embeddable":true,"href":"https:\/\/fetean.org\/eu\/wp-json\/wp\/v2\/entidad?post=2563"},{"taxonomy":"lugar","embeddable":true,"href":"https:\/\/fetean.org\/eu\/wp-json\/wp\/v2\/lugar?post=2563"},{"taxonomy":"programa","embeddable":true,"href":"https:\/\/fetean.org\/eu\/wp-json\/wp\/v2\/programa?post=2563"}],"curies":[{"name":"wp","href":"https:\/\/api.w.org\/{rel}","templated":true}]}}

Una línea azul plateada en el río – Zerokotan

<p>Hay lugares en el mundo sumidos en la pobreza, donde vivir se convierte en sobrevivir en las peores condiciones. Lagarta es una mujer enferma que malvive sin apenas recursos y que ha vendido demasiado para intentar mantenerse a flote. Todo es susceptible de ser vendido, incluso la vida. Lapin, una joven ilusa e inocente, ha caído en sus redes y verá cómo Lagarta acaba arrebatándole lo más preciado que tenía: la ilusión.</p>
