{"id":2676,"date":"2025-12-15T00:16:27","date_gmt":"2025-12-14T23:16:27","guid":{"rendered":"https:\/\/fetean.org\/agenda\/las-senoritas-de-avinon-teatro-jus-la-rotxa-22d\/"},"modified":"2025-12-15T00:16:27","modified_gmt":"2025-12-14T23:16:27","slug":"las-senoritas-de-avinon-teatro-jus-la-rotxa-22d","status":"publish","type":"agenda","link":"https:\/\/fetean.org\/eu\/agenda\/las-senoritas-de-avinon-teatro-jus-la-rotxa-22d\/","title":{"rendered":"Las se\u00f1oritas de Avi\u00f1on \u2013 Teatro Jus La Rotxa"},"excerpt":{"rendered":"<p>La trama nos lleva a un peculiar prost\u00edbulo situado en la calle Avi\u00f1\u00f3n, donde un grupo de mujeres trabaja bajo la mirada atenta de su madame. Cada una con su personalidad, comparten sus sue\u00f1os, frustraciones y anhelos de libertad. Una mirada perspicaz a la vida en un mundo marginal donde las mujeres luchan por encontrar su lugar en una sociedad dominada por las expectativas y limitaciones impuestas por los hombres.<\/p>","protected":false},"featured_media":2133,"template":"","entidad":[],"lugar":[76],"programa":[44],"class_list":["post-2676","agenda","type-agenda","status-publish","has-post-thumbnail","hentry","lugar-ayuntamiento-de-sesma","programa-propias-grupo"],"acf":[],"jetpack_sharing_enabled":true,"_links":{"self":[{"href":"https:\/\/fetean.org\/eu\/wp-json\/wp\/v2\/agenda\/2676","targetHints":{"allow":["GET"]}}],"collection":[{"href":"https:\/\/fetean.org\/eu\/wp-json\/wp\/v2\/agenda"}],"about":[{"href":"https:\/\/fetean.org\/eu\/wp-json\/wp\/v2\/types\/agenda"}],"wp:featuredmedia":[{"embeddable":true,"href":"https:\/\/fetean.org\/eu\/wp-json\/wp\/v2\/media\/2133"}],"wp:attachment":[{"href":"https:\/\/fetean.org\/eu\/wp-json\/wp\/v2\/media?parent=2676"}],"wp:term":[{"taxonomy":"entidad","embeddable":true,"href":"https:\/\/fetean.org\/eu\/wp-json\/wp\/v2\/entidad?post=2676"},{"taxonomy":"lugar","embeddable":true,"href":"https:\/\/fetean.org\/eu\/wp-json\/wp\/v2\/lugar?post=2676"},{"taxonomy":"programa","embeddable":true,"href":"https:\/\/fetean.org\/eu\/wp-json\/wp\/v2\/programa?post=2676"}],"curies":[{"name":"wp","href":"https:\/\/api.w.org\/{rel}","templated":true}]}}

Las señoritas de Aviñon – Teatro Jus La Rotxa

<p>La trama nos lleva a un peculiar prostíbulo situado en la calle Aviñón, donde un grupo de mujeres trabaja bajo la mirada atenta de su madame. Cada una con su personalidad, comparten sus sueños, frustraciones y anhelos de libertad. Una mirada perspicaz a la vida en un mundo marginal donde las mujeres luchan por encontrar su lugar en una sociedad dominada por las expectativas y limitaciones impuestas por los hombres.</p>
