{"id":2719,"date":"2025-12-15T05:18:29","date_gmt":"2025-12-15T04:18:29","guid":{"rendered":"https:\/\/fetean.org\/agenda\/la-vida-perdurable-primera-fila-y-centrado-17n\/"},"modified":"2026-03-27T16:51:58","modified_gmt":"2026-03-27T15:51:58","slug":"la-vida-perdurable-primera-fila-y-centrado-17n","status":"publish","type":"agenda","link":"https:\/\/fetean.org\/eu\/agenda\/la-vida-perdurable-primera-fila-y-centrado-17n\/","title":{"rendered":"La vida perdurable \u2013 Primera Fila y Centrado"},"excerpt":{"rendered":"<p>Un viaje por las primeras obras del dramaturgo navarro Alfredo Sanzol, director del Centro Dram\u00e1tico Nacional y premio Pr\u00edncipe de Viana de la Cultura. Una historia de historias, construidas con fragmentos, pero con un denominador com\u00fan, el humor, siendo \u00e9ste la v\u00e1lvula de escape y el punto de inflexi\u00f3n donde comienza la reflexi\u00f3n o la pura diversi\u00f3n. \u201cMis bichos son en realidad, las emociones y los recuerdos\u201d.<\/p>","protected":false},"featured_media":2073,"template":"","entidad":[100],"lugar":[99],"programa":[35],"class_list":["post-2719","agenda","type-agenda","status-publish","has-post-thumbnail","hentry","entidad-ayuntamiento-de-azagra","lugar-cp-francisco-arbeloa-ieso-reyno-de-navarra","programa-muestra-2024"],"acf":[],"jetpack_sharing_enabled":true,"_links":{"self":[{"href":"https:\/\/fetean.org\/eu\/wp-json\/wp\/v2\/agenda\/2719","targetHints":{"allow":["GET"]}}],"collection":[{"href":"https:\/\/fetean.org\/eu\/wp-json\/wp\/v2\/agenda"}],"about":[{"href":"https:\/\/fetean.org\/eu\/wp-json\/wp\/v2\/types\/agenda"}],"wp:featuredmedia":[{"embeddable":true,"href":"https:\/\/fetean.org\/eu\/wp-json\/wp\/v2\/media\/2073"}],"wp:attachment":[{"href":"https:\/\/fetean.org\/eu\/wp-json\/wp\/v2\/media?parent=2719"}],"wp:term":[{"taxonomy":"entidad","embeddable":true,"href":"https:\/\/fetean.org\/eu\/wp-json\/wp\/v2\/entidad?post=2719"},{"taxonomy":"lugar","embeddable":true,"href":"https:\/\/fetean.org\/eu\/wp-json\/wp\/v2\/lugar?post=2719"},{"taxonomy":"programa","embeddable":true,"href":"https:\/\/fetean.org\/eu\/wp-json\/wp\/v2\/programa?post=2719"}],"curies":[{"name":"wp","href":"https:\/\/api.w.org\/{rel}","templated":true}]}}

<p>Un viaje por las primeras obras del dramaturgo navarro Alfredo Sanzol, director del Centro Dramático Nacional y premio Príncipe de Viana de la Cultura. Una historia de historias, construidas con fragmentos, pero con un denominador común, el humor, siendo éste la válvula de escape y el punto de inflexión donde comienza la reflexión o la pura diversión. “Mis bichos son en realidad, las emociones y los recuerdos”.</p>
