{"id":2739,"date":"2025-12-15T05:42:38","date_gmt":"2025-12-15T04:42:38","guid":{"rendered":"https:\/\/fetean.org\/agenda\/el-juicio-a-la-gran-zorra-dramarte-4s\/"},"modified":"2026-03-27T16:57:47","modified_gmt":"2026-03-27T15:57:47","slug":"helena-la-zorra-dramarte-4s","status":"publish","type":"agenda","link":"https:\/\/fetean.org\/eu\/agenda\/helena-la-zorra-dramarte-4s\/","title":{"rendered":"Helena, \u00bfla zorra? \u2013 Dramarte"},"excerpt":{"rendered":"<p>Cuenta la leyenda que Helena, la mujer m\u00e1s hermosa del mundo, fue la causante del m\u00e1s recordado conflicto de la Antig\u00fcedad: la Guerra de Troya. Cansada de sentirse juzgada, Helena decide someterse a juicio ante el p\u00fablico que le espera en las butacas del teatro. Ahora, esta mujer apasionada y dolida proclama su inocencia y defiende su dignidad. Entra\u00f1able, apasionada y dolida, reivindica su dignidad y suspira por el olvido.<\/p>","protected":false},"featured_media":2127,"template":"","entidad":[43,197],"lugar":[69],"programa":[35],"class_list":["post-2739","agenda","type-agenda","status-publish","has-post-thumbnail","hentry","entidad-ayuntamiento-de-pamplona","entidad-escuela-navarra-de-teatro","lugar-escuela-navarra-de-teatro","programa-muestra-2024"],"acf":[],"jetpack_sharing_enabled":true,"_links":{"self":[{"href":"https:\/\/fetean.org\/eu\/wp-json\/wp\/v2\/agenda\/2739","targetHints":{"allow":["GET"]}}],"collection":[{"href":"https:\/\/fetean.org\/eu\/wp-json\/wp\/v2\/agenda"}],"about":[{"href":"https:\/\/fetean.org\/eu\/wp-json\/wp\/v2\/types\/agenda"}],"wp:featuredmedia":[{"embeddable":true,"href":"https:\/\/fetean.org\/eu\/wp-json\/wp\/v2\/media\/2127"}],"wp:attachment":[{"href":"https:\/\/fetean.org\/eu\/wp-json\/wp\/v2\/media?parent=2739"}],"wp:term":[{"taxonomy":"entidad","embeddable":true,"href":"https:\/\/fetean.org\/eu\/wp-json\/wp\/v2\/entidad?post=2739"},{"taxonomy":"lugar","embeddable":true,"href":"https:\/\/fetean.org\/eu\/wp-json\/wp\/v2\/lugar?post=2739"},{"taxonomy":"programa","embeddable":true,"href":"https:\/\/fetean.org\/eu\/wp-json\/wp\/v2\/programa?post=2739"}],"curies":[{"name":"wp","href":"https:\/\/api.w.org\/{rel}","templated":true}]}}

<p>Cuenta la leyenda que Helena, la mujer más hermosa del mundo, fue la causante del más recordado conflicto de la Antigüedad: la Guerra de Troya. Cansada de sentirse juzgada, Helena decide someterse a juicio ante el público que le espera en las butacas del teatro. Ahora, esta mujer apasionada y dolida proclama su inocencia y defiende su dignidad. Entrañable, apasionada y dolida, reivindica su dignidad y suspira por el olvido.</p>
