{"id":2763,"date":"2025-12-15T06:24:01","date_gmt":"2025-12-15T05:24:01","guid":{"rendered":"https:\/\/fetean.org\/agenda\/la-vida-perdurable-primera-fila-y-centrado-22s\/"},"modified":"2025-12-15T06:24:01","modified_gmt":"2025-12-15T05:24:01","slug":"la-vida-perdurable-primera-fila-y-centrado-22s","status":"publish","type":"agenda","link":"https:\/\/fetean.org\/eu\/agenda\/la-vida-perdurable-primera-fila-y-centrado-22s\/","title":{"rendered":"La vida perdurable \u2013 Primera Fila y Centrado"},"excerpt":{"rendered":"<p>Un viaje por las primeras obras del dramaturgo navarro Alfredo Sanzol, director del Centro Dram\u00e1tico Nacional y premio Pr\u00edncipe de Viana de la Cultura. Una historia de historias, construidas con fragmentos, pero con un denominador com\u00fan, el humor, siendo \u00e9ste la v\u00e1lvula de escape y el punto de inflexi\u00f3n donde comienza la reflexi\u00f3n o la pura diversi\u00f3n. \u201cMis bichos son en realidad, las emociones y los recuerdos\u201d.<\/p>","protected":false},"featured_media":2073,"template":"","entidad":[],"lugar":[109],"programa":[36],"class_list":["post-2763","agenda","type-agenda","status-publish","has-post-thumbnail","hentry","lugar-centro-comunitario-txantrea","programa-muestra-2023"],"acf":[],"jetpack_sharing_enabled":true,"_links":{"self":[{"href":"https:\/\/fetean.org\/eu\/wp-json\/wp\/v2\/agenda\/2763","targetHints":{"allow":["GET"]}}],"collection":[{"href":"https:\/\/fetean.org\/eu\/wp-json\/wp\/v2\/agenda"}],"about":[{"href":"https:\/\/fetean.org\/eu\/wp-json\/wp\/v2\/types\/agenda"}],"wp:featuredmedia":[{"embeddable":true,"href":"https:\/\/fetean.org\/eu\/wp-json\/wp\/v2\/media\/2073"}],"wp:attachment":[{"href":"https:\/\/fetean.org\/eu\/wp-json\/wp\/v2\/media?parent=2763"}],"wp:term":[{"taxonomy":"entidad","embeddable":true,"href":"https:\/\/fetean.org\/eu\/wp-json\/wp\/v2\/entidad?post=2763"},{"taxonomy":"lugar","embeddable":true,"href":"https:\/\/fetean.org\/eu\/wp-json\/wp\/v2\/lugar?post=2763"},{"taxonomy":"programa","embeddable":true,"href":"https:\/\/fetean.org\/eu\/wp-json\/wp\/v2\/programa?post=2763"}],"curies":[{"name":"wp","href":"https:\/\/api.w.org\/{rel}","templated":true}]}}

<p>Un viaje por las primeras obras del dramaturgo navarro Alfredo Sanzol, director del Centro Dramático Nacional y premio Príncipe de Viana de la Cultura. Una historia de historias, construidas con fragmentos, pero con un denominador común, el humor, siendo éste la válvula de escape y el punto de inflexión donde comienza la reflexión o la pura diversión. “Mis bichos son en realidad, las emociones y los recuerdos”.</p>
