{"id":2832,"date":"2025-12-15T20:23:37","date_gmt":"2025-12-15T19:23:37","guid":{"rendered":"https:\/\/fetean.org\/agenda\/desafinados-primera-fila-y-centrado-25s\/"},"modified":"2025-12-15T20:23:37","modified_gmt":"2025-12-15T19:23:37","slug":"desafinados-primera-fila-y-centrado-25s","status":"publish","type":"agenda","link":"https:\/\/fetean.org\/eu\/agenda\/desafinados-primera-fila-y-centrado-25s\/","title":{"rendered":"Desafinados \u2013 Primera Fila y Centrado"},"excerpt":{"rendered":"<p>Un grupo de personas muy distintas se ve obligado a convivir en un espacio reducido, donde surgen conflictos, absurdos y risas. Entre disputas y complicidades, descubrir\u00e1n que tienen m\u00e1s en com\u00fan de lo que nunca hubieran imaginado.<\/p>","protected":false},"featured_media":2806,"template":"","entidad":[49],"lugar":[148],"programa":[39],"class_list":["post-2832","agenda","type-agenda","status-publish","has-post-thumbnail","hentry","entidad-ayuntamiento-de-ansoain","lugar-teatro-ansoain","programa-muestra-2021"],"acf":[],"jetpack_sharing_enabled":true,"_links":{"self":[{"href":"https:\/\/fetean.org\/eu\/wp-json\/wp\/v2\/agenda\/2832","targetHints":{"allow":["GET"]}}],"collection":[{"href":"https:\/\/fetean.org\/eu\/wp-json\/wp\/v2\/agenda"}],"about":[{"href":"https:\/\/fetean.org\/eu\/wp-json\/wp\/v2\/types\/agenda"}],"wp:featuredmedia":[{"embeddable":true,"href":"https:\/\/fetean.org\/eu\/wp-json\/wp\/v2\/media\/2806"}],"wp:attachment":[{"href":"https:\/\/fetean.org\/eu\/wp-json\/wp\/v2\/media?parent=2832"}],"wp:term":[{"taxonomy":"entidad","embeddable":true,"href":"https:\/\/fetean.org\/eu\/wp-json\/wp\/v2\/entidad?post=2832"},{"taxonomy":"lugar","embeddable":true,"href":"https:\/\/fetean.org\/eu\/wp-json\/wp\/v2\/lugar?post=2832"},{"taxonomy":"programa","embeddable":true,"href":"https:\/\/fetean.org\/eu\/wp-json\/wp\/v2\/programa?post=2832"}],"curies":[{"name":"wp","href":"https:\/\/api.w.org\/{rel}","templated":true}]}}

<p>Un grupo de personas muy distintas se ve obligado a convivir en un espacio reducido, donde surgen conflictos, absurdos y risas. Entre disputas y complicidades, descubrirán que tienen más en común de lo que nunca hubieran imaginado.</p>
