{"id":2886,"date":"2025-12-16T20:01:58","date_gmt":"2025-12-16T19:01:58","guid":{"rendered":"https:\/\/fetean.org\/agenda\/100m%c2%b2-el-inconveniente-habiateatro-21a\/"},"modified":"2025-12-16T20:01:58","modified_gmt":"2025-12-16T19:01:58","slug":"100m%c2%b2-el-inconveniente-habiateatro-21a","status":"publish","type":"agenda","link":"https:\/\/fetean.org\/eu\/agenda\/100m%c2%b2-el-inconveniente-habiateatro-21a\/","title":{"rendered":"100m\u00b2: el inconveniente \u2013 Habiateatro"},"excerpt":{"rendered":"<p>\u00bfQu\u00e9 estar\u00edas dispuesto a hacer por el piso perfecto? Buena zona, amplio, luminoso, con vistas y a precio de chollo. Eso es justo lo que le ofrecen a Sara\u2026 con una letra peque\u00f1a dif\u00edcil de ignorar: se vende con \u201cbicho\u201d dentro. Lola, su due\u00f1a, est\u00e1 desahuciada y pone una \u00fanica condici\u00f3n. Seguir\u00e1 viviendo all\u00ed hasta el d\u00eda en que muera. Lo que parece un trato claro se enreda cuando la vida decide cambiar las reglas.<\/p>","protected":false},"featured_media":1995,"template":"","entidad":[],"lugar":[118],"programa":[44],"class_list":["post-2886","agenda","type-agenda","status-publish","has-post-thumbnail","hentry","lugar-espacio-cultura-los-llanos","programa-propias-grupo"],"acf":[],"jetpack_sharing_enabled":true,"_links":{"self":[{"href":"https:\/\/fetean.org\/eu\/wp-json\/wp\/v2\/agenda\/2886","targetHints":{"allow":["GET"]}}],"collection":[{"href":"https:\/\/fetean.org\/eu\/wp-json\/wp\/v2\/agenda"}],"about":[{"href":"https:\/\/fetean.org\/eu\/wp-json\/wp\/v2\/types\/agenda"}],"wp:featuredmedia":[{"embeddable":true,"href":"https:\/\/fetean.org\/eu\/wp-json\/wp\/v2\/media\/1995"}],"wp:attachment":[{"href":"https:\/\/fetean.org\/eu\/wp-json\/wp\/v2\/media?parent=2886"}],"wp:term":[{"taxonomy":"entidad","embeddable":true,"href":"https:\/\/fetean.org\/eu\/wp-json\/wp\/v2\/entidad?post=2886"},{"taxonomy":"lugar","embeddable":true,"href":"https:\/\/fetean.org\/eu\/wp-json\/wp\/v2\/lugar?post=2886"},{"taxonomy":"programa","embeddable":true,"href":"https:\/\/fetean.org\/eu\/wp-json\/wp\/v2\/programa?post=2886"}],"curies":[{"name":"wp","href":"https:\/\/api.w.org\/{rel}","templated":true}]}}

<p>¿Qué estarías dispuesto a hacer por el piso perfecto? Buena zona, amplio, luminoso, con vistas y a precio de chollo. Eso es justo lo que le ofrecen a Sara… con una letra pequeña difícil de ignorar: se vende con “bicho” dentro. Lola, su dueña, está desahuciada y pone una única condición. Seguirá viviendo allí hasta el día en que muera. Lo que parece un trato claro se enreda cuando la vida decide cambiar las reglas.</p>
