{"id":3455,"date":"2025-12-18T23:27:35","date_gmt":"2025-12-18T22:27:35","guid":{"rendered":"https:\/\/fetean.org\/agenda\/no-quiero-que-existas-speculum-vitae-5n\/"},"modified":"2025-12-18T23:27:35","modified_gmt":"2025-12-18T22:27:35","slug":"no-quiero-que-existas-speculum-vitae-5n","status":"publish","type":"agenda","link":"https:\/\/fetean.org\/eu\/agenda\/no-quiero-que-existas-speculum-vitae-5n\/","title":{"rendered":"No quiero que existas \u2013 Speculum Vitae"},"excerpt":{"rendered":"<p>Los extremos se rechazan y chocan, creando bandos. Tal vez no podamos elegir lo que creemos, pero s\u00ed c\u00f3mo tratamos a quien piensa diferente. Una reflexi\u00f3n sobre c\u00f3mo las posturas extremas pueden optar por dialogar y entenderse o dejarse llevar y destruirse.<\/p>","protected":false},"featured_media":2543,"template":"","entidad":[],"lugar":[66],"programa":[44],"class_list":["post-3455","agenda","type-agenda","status-publish","has-post-thumbnail","hentry","lugar-civivox-san-jorge","programa-propias-grupo"],"acf":[],"jetpack_sharing_enabled":true,"_links":{"self":[{"href":"https:\/\/fetean.org\/eu\/wp-json\/wp\/v2\/agenda\/3455","targetHints":{"allow":["GET"]}}],"collection":[{"href":"https:\/\/fetean.org\/eu\/wp-json\/wp\/v2\/agenda"}],"about":[{"href":"https:\/\/fetean.org\/eu\/wp-json\/wp\/v2\/types\/agenda"}],"wp:featuredmedia":[{"embeddable":true,"href":"https:\/\/fetean.org\/eu\/wp-json\/wp\/v2\/media\/2543"}],"wp:attachment":[{"href":"https:\/\/fetean.org\/eu\/wp-json\/wp\/v2\/media?parent=3455"}],"wp:term":[{"taxonomy":"entidad","embeddable":true,"href":"https:\/\/fetean.org\/eu\/wp-json\/wp\/v2\/entidad?post=3455"},{"taxonomy":"lugar","embeddable":true,"href":"https:\/\/fetean.org\/eu\/wp-json\/wp\/v2\/lugar?post=3455"},{"taxonomy":"programa","embeddable":true,"href":"https:\/\/fetean.org\/eu\/wp-json\/wp\/v2\/programa?post=3455"}],"curies":[{"name":"wp","href":"https:\/\/api.w.org\/{rel}","templated":true}]}}

<p>Los extremos se rechazan y chocan, creando bandos. Tal vez no podamos elegir lo que creemos, pero sí cómo tratamos a quien piensa diferente. Una reflexión sobre cómo las posturas extremas pueden optar por dialogar y entenderse o dejarse llevar y destruirse.</p>
