{"id":3471,"date":"2025-12-18T23:50:57","date_gmt":"2025-12-18T22:50:57","guid":{"rendered":"https:\/\/fetean.org\/agenda\/el-matrimonio-palavrakis-puntido-teatro-13j\/"},"modified":"2025-12-18T23:50:57","modified_gmt":"2025-12-18T22:50:57","slug":"el-matrimonio-palavrakis-puntido-teatro-13j","status":"publish","type":"agenda","link":"https:\/\/fetean.org\/eu\/agenda\/el-matrimonio-palavrakis-puntido-teatro-13j\/","title":{"rendered":"El matrimonio Palavrakis \u2013 Puntido Teatro"},"excerpt":{"rendered":"<p>Elsa y Mateo afrontan el miedo y las dudas de tener un hijo. Unidos por el rencor hacia sus padres y hacia una sociedad que consideran enferma, llevan una vida mon\u00f3tona cuya \u00fanica diversi\u00f3n son los concursos de baile que siempre pierden.<\/p>","protected":false},"featured_media":2533,"template":"","entidad":[],"lugar":[69],"programa":[44],"class_list":["post-3471","agenda","type-agenda","status-publish","has-post-thumbnail","hentry","lugar-escuela-navarra-de-teatro","programa-propias-grupo"],"acf":[],"jetpack_sharing_enabled":true,"_links":{"self":[{"href":"https:\/\/fetean.org\/eu\/wp-json\/wp\/v2\/agenda\/3471","targetHints":{"allow":["GET"]}}],"collection":[{"href":"https:\/\/fetean.org\/eu\/wp-json\/wp\/v2\/agenda"}],"about":[{"href":"https:\/\/fetean.org\/eu\/wp-json\/wp\/v2\/types\/agenda"}],"wp:featuredmedia":[{"embeddable":true,"href":"https:\/\/fetean.org\/eu\/wp-json\/wp\/v2\/media\/2533"}],"wp:attachment":[{"href":"https:\/\/fetean.org\/eu\/wp-json\/wp\/v2\/media?parent=3471"}],"wp:term":[{"taxonomy":"entidad","embeddable":true,"href":"https:\/\/fetean.org\/eu\/wp-json\/wp\/v2\/entidad?post=3471"},{"taxonomy":"lugar","embeddable":true,"href":"https:\/\/fetean.org\/eu\/wp-json\/wp\/v2\/lugar?post=3471"},{"taxonomy":"programa","embeddable":true,"href":"https:\/\/fetean.org\/eu\/wp-json\/wp\/v2\/programa?post=3471"}],"curies":[{"name":"wp","href":"https:\/\/api.w.org\/{rel}","templated":true}]}}

<p>Elsa y Mateo afrontan el miedo y las dudas de tener un hijo. Unidos por el rencor hacia sus padres y hacia una sociedad que consideran enferma, llevan una vida monótona cuya única diversión son los concursos de baile que siempre pierden.</p>
