{"id":3474,"date":"2025-12-18T23:56:37","date_gmt":"2025-12-18T22:56:37","guid":{"rendered":"https:\/\/fetean.org\/agenda\/desafinados-primera-fila-y-centrado-21m\/"},"modified":"2025-12-18T23:56:37","modified_gmt":"2025-12-18T22:56:37","slug":"desafinados-primera-fila-y-centrado-21m","status":"publish","type":"agenda","link":"https:\/\/fetean.org\/eu\/agenda\/desafinados-primera-fila-y-centrado-21m\/","title":{"rendered":"Desafinados \u2013 Primera Fila y Centrado"},"excerpt":{"rendered":"<p>Un grupo de personas muy distintas se ve obligado a convivir en un espacio reducido, donde surgen conflictos, absurdos y risas. Entre disputas y complicidades, descubrir\u00e1n que tienen m\u00e1s en com\u00fan de lo que nunca hubieran imaginado.<\/p>","protected":false},"featured_media":2806,"template":"","entidad":[],"lugar":[118],"programa":[44],"class_list":["post-3474","agenda","type-agenda","status-publish","has-post-thumbnail","hentry","lugar-espacio-cultura-los-llanos","programa-propias-grupo"],"acf":[],"jetpack_sharing_enabled":true,"_links":{"self":[{"href":"https:\/\/fetean.org\/eu\/wp-json\/wp\/v2\/agenda\/3474","targetHints":{"allow":["GET"]}}],"collection":[{"href":"https:\/\/fetean.org\/eu\/wp-json\/wp\/v2\/agenda"}],"about":[{"href":"https:\/\/fetean.org\/eu\/wp-json\/wp\/v2\/types\/agenda"}],"wp:featuredmedia":[{"embeddable":true,"href":"https:\/\/fetean.org\/eu\/wp-json\/wp\/v2\/media\/2806"}],"wp:attachment":[{"href":"https:\/\/fetean.org\/eu\/wp-json\/wp\/v2\/media?parent=3474"}],"wp:term":[{"taxonomy":"entidad","embeddable":true,"href":"https:\/\/fetean.org\/eu\/wp-json\/wp\/v2\/entidad?post=3474"},{"taxonomy":"lugar","embeddable":true,"href":"https:\/\/fetean.org\/eu\/wp-json\/wp\/v2\/lugar?post=3474"},{"taxonomy":"programa","embeddable":true,"href":"https:\/\/fetean.org\/eu\/wp-json\/wp\/v2\/programa?post=3474"}],"curies":[{"name":"wp","href":"https:\/\/api.w.org\/{rel}","templated":true}]}}

<p>Un grupo de personas muy distintas se ve obligado a convivir en un espacio reducido, donde surgen conflictos, absurdos y risas. Entre disputas y complicidades, descubrirán que tienen más en común de lo que nunca hubieran imaginado.</p>
