{"id":4334,"date":"2026-02-17T14:36:04","date_gmt":"2026-02-17T13:36:04","guid":{"rendered":"https:\/\/fetean.org\/?post_type=agenda&#038;p=4334"},"modified":"2026-03-27T16:44:28","modified_gmt":"2026-03-27T15:44:28","slug":"las-senoritas-de-avinon-teatro-jus-la-rotxa-6m","status":"publish","type":"agenda","link":"https:\/\/fetean.org\/eu\/agenda\/las-senoritas-de-avinon-teatro-jus-la-rotxa-6m\/","title":{"rendered":"Las se\u00f1oritas de Avi\u00f1on \u2013 Teatro Jus La Rotxa"},"excerpt":{"rendered":"<p>La trama nos lleva a un peculiar prost\u00edbulo situado en la calle Avi\u00f1\u00f3n, donde un grupo de mujeres trabaja bajo la mirada atenta de su madame. Cada una con su personalidad, comparten sus sue\u00f1os, frustraciones y anhelos de libertad. Una mirada perspicaz a la vida en un mundo marginal donde las mujeres luchan por encontrar su lugar en una sociedad dominada por las expectativas y limitaciones impuestas por los hombres.<\/p>","protected":false},"featured_media":2133,"template":"","entidad":[61],"lugar":[86],"programa":[188],"class_list":["post-4334","agenda","type-agenda","status-publish","has-post-thumbnail","hentry","entidad-casa-de-cultura-de-villava","lugar-casa-de-cultura-de-villava","programa-muestra-2026"],"acf":[],"jetpack_sharing_enabled":true,"_links":{"self":[{"href":"https:\/\/fetean.org\/eu\/wp-json\/wp\/v2\/agenda\/4334","targetHints":{"allow":["GET"]}}],"collection":[{"href":"https:\/\/fetean.org\/eu\/wp-json\/wp\/v2\/agenda"}],"about":[{"href":"https:\/\/fetean.org\/eu\/wp-json\/wp\/v2\/types\/agenda"}],"wp:featuredmedia":[{"embeddable":true,"href":"https:\/\/fetean.org\/eu\/wp-json\/wp\/v2\/media\/2133"}],"wp:attachment":[{"href":"https:\/\/fetean.org\/eu\/wp-json\/wp\/v2\/media?parent=4334"}],"wp:term":[{"taxonomy":"entidad","embeddable":true,"href":"https:\/\/fetean.org\/eu\/wp-json\/wp\/v2\/entidad?post=4334"},{"taxonomy":"lugar","embeddable":true,"href":"https:\/\/fetean.org\/eu\/wp-json\/wp\/v2\/lugar?post=4334"},{"taxonomy":"programa","embeddable":true,"href":"https:\/\/fetean.org\/eu\/wp-json\/wp\/v2\/programa?post=4334"}],"curies":[{"name":"wp","href":"https:\/\/api.w.org\/{rel}","templated":true}]}}

Las señoritas de Aviñon – Teatro Jus La Rotxa

<p>La trama nos lleva a un peculiar prostíbulo situado en la calle Aviñón, donde un grupo de mujeres trabaja bajo la mirada atenta de su madame. Cada una con su personalidad, comparten sus sueños, frustraciones y anhelos de libertad. Una mirada perspicaz a la vida en un mundo marginal donde las mujeres luchan por encontrar su lugar en una sociedad dominada por las expectativas y limitaciones impuestas por los hombres.</p>
