{"id":4339,"date":"2026-02-17T16:20:48","date_gmt":"2026-02-17T15:20:48","guid":{"rendered":"https:\/\/fetean.org\/?post_type=agenda&#038;p=4339"},"modified":"2026-03-27T16:44:26","modified_gmt":"2026-03-27T15:44:26","slug":"vamos-de-boda-teatro-jus-la-rotxa-7m","status":"publish","type":"agenda","link":"https:\/\/fetean.org\/eu\/agenda\/vamos-de-boda-teatro-jus-la-rotxa-7m\/","title":{"rendered":"\u00bfVamos de boda? \u2013 Teatro Jus La Rotxa"},"excerpt":{"rendered":"<p>Para Lola es el d\u00eda m\u00e1s importante de su vida, pero tiene dudas y no sabe qu\u00e9 hacer. Realmente \u00bfquiere casarse? Sabe que es una decisi\u00f3n muy importante, sin embargo, piensa que en un mundo tan cambiante las relaciones tienen su caducidad y la sensaci\u00f3n de libertad toma fuerza. Es entonces cuando surgen diferentes, fantas\u00edas, ilusiones, temores y dudas ante un acontecimiento tan importante como contraer matrimonio.<\/p>","protected":false},"featured_media":1789,"template":"","entidad":[131],"lugar":[130],"programa":[188],"class_list":["post-4339","agenda","type-agenda","status-publish","has-post-thumbnail","hentry","entidad-asociacion-mujeres-el-cambio","lugar-centro-sociocultural-de-murillo-el-fruto","programa-muestra-2026"],"acf":[],"jetpack_sharing_enabled":true,"_links":{"self":[{"href":"https:\/\/fetean.org\/eu\/wp-json\/wp\/v2\/agenda\/4339","targetHints":{"allow":["GET"]}}],"collection":[{"href":"https:\/\/fetean.org\/eu\/wp-json\/wp\/v2\/agenda"}],"about":[{"href":"https:\/\/fetean.org\/eu\/wp-json\/wp\/v2\/types\/agenda"}],"wp:featuredmedia":[{"embeddable":true,"href":"https:\/\/fetean.org\/eu\/wp-json\/wp\/v2\/media\/1789"}],"wp:attachment":[{"href":"https:\/\/fetean.org\/eu\/wp-json\/wp\/v2\/media?parent=4339"}],"wp:term":[{"taxonomy":"entidad","embeddable":true,"href":"https:\/\/fetean.org\/eu\/wp-json\/wp\/v2\/entidad?post=4339"},{"taxonomy":"lugar","embeddable":true,"href":"https:\/\/fetean.org\/eu\/wp-json\/wp\/v2\/lugar?post=4339"},{"taxonomy":"programa","embeddable":true,"href":"https:\/\/fetean.org\/eu\/wp-json\/wp\/v2\/programa?post=4339"}],"curies":[{"name":"wp","href":"https:\/\/api.w.org\/{rel}","templated":true}]}}

<p>Para Lola es el día más importante de su vida, pero tiene dudas y no sabe qué hacer. Realmente ¿quiere casarse? Sabe que es una decisión muy importante, sin embargo, piensa que en un mundo tan cambiante las relaciones tienen su caducidad y la sensación de libertad toma fuerza. Es entonces cuando surgen diferentes, fantasías, ilusiones, temores y dudas ante un acontecimiento tan importante como contraer matrimonio.</p>
