{"id":2147,"date":"2025-12-09T23:00:36","date_gmt":"2025-12-09T22:00:36","guid":{"rendered":"https:\/\/fetean.org\/?post_type=catalogo&#038;p=2147"},"modified":"2026-01-22T01:03:45","modified_gmt":"2026-01-22T00:03:45","slug":"recuerdos-de-mexico","status":"publish","type":"catalogo","link":"https:\/\/fetean.org\/eu\/catalogo\/recuerdos-de-mexico\/","title":{"rendered":"Recuerdos de M\u00e9xico"},"excerpt":{"rendered":"<p>La abuela Mar\u00eda regresa a Navarra tras el fallecimiento de su marido en M\u00e9xico y se reencuentra con su nieta. La abuela intenta recuperar el tiempo perdido y acercarse a ella despu\u00e9s de a\u00f1os de una relaci\u00f3n mantenida desde la distancia. Los recuerdos de una vida emigrante se entremezclan con canciones evocadoras de emociones que nos llevan a hacer un recorrido por la cultura mejicana.<\/p>","protected":false},"featured_media":2148,"template":"","genero":[26],"class_list":["post-2147","catalogo","type-catalogo","status-publish","has-post-thumbnail","hentry","portfolio-vis-archived"],"acf":[],"jetpack_sharing_enabled":true,"_links":{"self":[{"href":"https:\/\/fetean.org\/eu\/wp-json\/wp\/v2\/catalogo\/2147","targetHints":{"allow":["GET"]}}],"collection":[{"href":"https:\/\/fetean.org\/eu\/wp-json\/wp\/v2\/catalogo"}],"about":[{"href":"https:\/\/fetean.org\/eu\/wp-json\/wp\/v2\/types\/catalogo"}],"wp:featuredmedia":[{"embeddable":true,"href":"https:\/\/fetean.org\/eu\/wp-json\/wp\/v2\/media\/2148"}],"wp:attachment":[{"href":"https:\/\/fetean.org\/eu\/wp-json\/wp\/v2\/media?parent=2147"}],"wp:term":[{"taxonomy":"genero","embeddable":true,"href":"https:\/\/fetean.org\/eu\/wp-json\/wp\/v2\/genero?post=2147"}],"curies":[{"name":"wp","href":"https:\/\/api.w.org\/{rel}","templated":true}]}}

Recuerdos de México

<p>La abuela María regresa a Navarra tras el fallecimiento de su marido en México y se reencuentra con su nieta. La abuela intenta recuperar el tiempo perdido y acercarse a ella después de años de una relación mantenida desde la distancia. Los recuerdos de una vida emigrante se entremezclan con canciones evocadoras de emociones que nos llevan a hacer un recorrido por la cultura mejicana.</p>
