{"id":2182,"date":"2025-12-09T23:53:27","date_gmt":"2025-12-09T22:53:27","guid":{"rendered":"https:\/\/fetean.org\/?post_type=catalogo&#038;p=2182"},"modified":"2025-12-11T18:15:06","modified_gmt":"2025-12-11T17:15:06","slug":"memoria-en-construccion","status":"publish","type":"catalogo","link":"https:\/\/fetean.org\/eu\/catalogo\/memoria-en-construccion\/","title":{"rendered":"Memoria en construcci\u00f3n"},"excerpt":{"rendered":"<p>Un encuentro teatral sirve de punto de partida para reflexionar sobre la memoria colectiva a trav\u00e9s de dos mujeres j\u00f3venes. La memoria y el relato de sus respectivos pasados familiares cobran una importancia relevante en su relaci\u00f3n.<\/p>","protected":false},"featured_media":2185,"template":"","genero":[33],"class_list":["post-2182","catalogo","type-catalogo","status-publish","has-post-thumbnail","hentry","portfolio-vis-archived"],"acf":[],"jetpack_sharing_enabled":true,"_links":{"self":[{"href":"https:\/\/fetean.org\/eu\/wp-json\/wp\/v2\/catalogo\/2182","targetHints":{"allow":["GET"]}}],"collection":[{"href":"https:\/\/fetean.org\/eu\/wp-json\/wp\/v2\/catalogo"}],"about":[{"href":"https:\/\/fetean.org\/eu\/wp-json\/wp\/v2\/types\/catalogo"}],"wp:featuredmedia":[{"embeddable":true,"href":"https:\/\/fetean.org\/eu\/wp-json\/wp\/v2\/media\/2185"}],"wp:attachment":[{"href":"https:\/\/fetean.org\/eu\/wp-json\/wp\/v2\/media?parent=2182"}],"wp:term":[{"taxonomy":"genero","embeddable":true,"href":"https:\/\/fetean.org\/eu\/wp-json\/wp\/v2\/genero?post=2182"}],"curies":[{"name":"wp","href":"https:\/\/api.w.org\/{rel}","templated":true}]}}

Memoria en construcción

<p>Un encuentro teatral sirve de punto de partida para reflexionar sobre la memoria colectiva a través de dos mujeres jóvenes. La memoria y el relato de sus respectivos pasados familiares cobran una importancia relevante en su relación.</p>
